or of f and 36?
12
Let o be (-14)/(-42)*(-18)/(-1). Suppose -o*k - 90 = -11*k. Let x(z) = z + 1. Let t be x(8). Calculate the greatest common factor of k and t.
9
Let h(y) = -2*y + 1. Let p be h(0). Calculate the highest common factor of p and 2.
1
Let n(k) = 4*k**2 + 3*k + 2. Let o be n(-2). Let y = o - 6. Let w = y - 4. Calculate the highest common factor of w and 2.
2
Suppose 4*b - 20 = 0, 3*n = -2*n + 2*b + 650. Suppose -n = 2*i - 3*i. What is the highest common factor of i and 12?
12
Suppose 0 = 2*l + 4*u - 4, 2*l + 40 = 4*l - 5*u. What is the highest common factor of l and 2?
2
Suppose -12 = -4*g - l, -2*g = -3*g - 3*l + 14. What is the greatest common factor of 4 and g?
2
Suppose 0 = -2*f + f + 4. Suppose -2*p = -f*p. Suppose p = -4*h + 10 + 102. Calculate the greatest common divisor of h and 4.
4
Suppose 0 = t - 2 - 0. Suppose 4*m - 126 = t*m. Calculate the highest common divisor of 21 and m.
21
Suppose 18 = -b + 3*z - 8*z, z + 4 = 0. Suppose b*k - 2*x - 8 = 0, 4*k - 3*x = -6*x + 16. Calculate the greatest common divisor of 28 and k.
4
Let i = 71 - 8. Let a be ((-2)/(-2))/((-2)/(-14)). Calculate the greatest common divisor of a and i.
7
Let o = 20 + 4. Calculate the greatest common factor of o and 8.
8
Let y be 2/(1/(-3) - -1). Let r = y - 5. Let m be (-150)/(-22) + r/(-11). Calculate the greatest common divisor of m and 7.
7
Let j = -11 + 6. Let r = j + 17. Let i = r + -8. Calculate the greatest common divisor of i and 2.
2
Suppose 5*d - d - 40 = 0. What is the highest common factor of d and 90?
10
Let l be -1*6*14/(-21). Let u = 0 + l. Suppose -u*h + 48 = -h. What is the greatest common divisor of 8 and h?
8
Suppose 5*a - 15 = -0*a. Let i = -3 + a. Suppose y - 2 = -i*y. Calculate the greatest common factor of 22 and y.
2
Let b(j) = 3*j**2. Let g be b(1). Suppose g*a = -2*z - 40, 5*a + 44 = 4*z - 6*z. Let n be 3/(-1) + (3 - z). Calculate the greatest common factor of 68 and n.
17
Let s(k) = 24*k**2 - 4*k - 4. Let a be s(-1). What is the greatest common divisor of 48 and a?
24
Let a(s) = -s**2 - 4*s. Let v be a(-2). Suppose w = -4*w + 5*x, v*w = -5*x + 18. Let j be w*(2 + 1) - -1. Calculate the greatest common factor of 21 and j.
7
Let t = 34 - 27. Calculate the highest common divisor of 7 and t.
7
Suppose v + k = 5*k, k + 33 = 3*v. What is the greatest common divisor of 132 and v?
12
Let j(b) = 2*b**2 + 5*b - 7. Let q be j(-6). Suppose 3*c - 8 = 4*u - 64, -3*c + 14 = u. What is the greatest common factor of q and u?
7
Suppose 0*l = -5*l + 120. Suppose 0 = -5*v + l + 86. What is the greatest common factor of 2 and v?
2
Let k = 26 + -9. What is the highest common factor of k and 136?
17
Suppose -j + 157 = 59. What is the greatest common divisor of 28 and j?
14
Suppose -127 = -3*m - y, 0 = -4*m - 0*y + 3*y + 178. Suppose 140 = 5*s + 5*i, 49 = 3*s + i - m. What is the greatest common divisor of s and 8?
8
Suppose -147 = s - 3*s - 3*z, s = 3*z + 78. Calculate the greatest common factor of s and 15.
15
Let y be (-71)/(-4) + (-3)/4. What is the greatest common divisor of y and 119?
17
Suppose 0 = 3*n - 10 - 17. What is the greatest common divisor of 3 and n?
3
Suppose -7*u + 5*u + 6 = 0. Suppose y = -u + 5. What is the greatest common factor of 18 and y?
2
Suppose -u - 5 = 0, -4*u = -2*b - 3*u + 89. Let c be (b/8)/(3/8). Calculate the greatest common factor of c and 154.
14
Let h = 0 + 3. Let n be 2/(-1) + (-46)/(-2). What is the greatest common divisor of n and h?
3
Suppose -2*k + 10 = 3*f - 96, -4*k = -5*f - 190. Suppose 5*d + 9 = 59. What is the greatest common factor of d and k?
10
Let a(w) be the first derivative of w**3/3 + w**2 - 5*w - 2. Let f be a(5). Let n(z) = z + 6. Let i be n(0). Calculate the greatest common factor of i and f.
6
Let p be (7/(-2))/(3/(-132)). Suppose -3*t - 5*w = -2*t - 14, 0 = 5*t - 3*w - p. Let r = -19 + t. What is the highest common factor of 25 and r?
5
Let k be (-1)/1*-5 + -1. What is the highest common factor of k and 10?
2
Let a = -25 - -124. Calculate the greatest common divisor of a and 33.
33
Let k = 6 + -3. Let n be 44 + 0 + (-6)/k. Let f = 44 + -30. Calculate the highest common factor of n and f.
14
Let u be (-5 - -11)/(0 - -1). Calculate the highest common factor of 6 and u.
6
Suppose 0 = 3*o - 5*q - 207, -3*q + 279 = 5*o - 66. What is the greatest common divisor of o and 46?
23
Suppose 3*s + s = -4*y + 48, 0 = -y. Calculate the highest common factor of 108 and s.
12
Suppose 2*h = 17 + 21. Suppose -3 = 4*c - 23. Suppose -2*v + 352 = 2*n, -c*n - v + 2*v + 850 = 0. What is the greatest common divisor of n and h?
19
Suppose h + 3*w - 1 = 6, 5*h = -5*w + 45. Calculate the greatest common divisor of 90 and h.
10
Let d = 98 - 18. What is the greatest common divisor of d and 10?
10
Let g(j) = 2*j**3 - 5*j + 5. Let a be g(-5). Let u be a/6*(-57)/38. Calculate the highest common divisor of 11 and u.
11
Let k = -3 - -5. Let u be ((-1)/k)/(5/(-70)). Let o(h) = h**2 - h + 21. Let m be o(0). What is the highest common factor of m and u?
7
Suppose -4*o + 4*b = -16, 3*o - 29 = -2*o + 2*b. Let v = -82 - -110. What is the highest common divisor of o and v?
7
Let m(a) = a**2 - 4*a + 2. Let p be m(3). Let i be 13 + 0 - (p - -4). What is the highest common factor of i and 4?
2
Suppose -3*r - 2*r = 3*x + 14, 3*r - 12 = 5*x. Let g(u) = u**2 + u + 3. Let d be g(x). Suppose 7*z - d = 4*z. What is the highest common divisor of 33 and z?
3
Suppose 4*c + 3*f + 45 + 15 = 0, 30 = -2*c - f. Let d be (-30)/(-2)*(-80)/c. Suppose 0 = -6*g + 5*g + 10. What is the highest common divisor of g and d?
10
Suppose -5*h = -h + 2*a - 144, -5*a + 72 = 2*h. Suppose 12*c = 17*c - 120. Calculate the greatest common factor of c and h.
12
Let n(p) = -8*p**2. Let g be n(-5). Let h be ((-6)/5)/(15/g). Suppose -222 = -2*v + b - 0*b, -2*b = 4*v - 452. Calculate the highest common factor of v and h.
16
Let j(i) = -40*i + 4. Let z be j(-2). What is the highest common divisor of z and 12?
12
Let g(v) = -v**3 - 9*v**2 + 6. Let w be g(-9). Suppose -11 = -w*r + 61. Calculate the highest common divisor of r and 60.
12
Let v = -2 + 19. Let a be -102*(5/10 - 2). Calculate the greatest common divisor of v and a.
17
Suppose -3*n = -n - 20. What is the greatest common divisor of n and 5?
5
Suppose -3*p + 5*p + 3*o - 43 = 0, 4*p = -3*o + 71. Calculate the greatest common divisor of 21 and p.
7
Suppose -2*q = 3*q. Let h(f) = -f**2 + f + 28. Let y be h(q). Calculate the greatest common divisor of y and 14.
14
Let y(o) = o**3 - 4*o**2 + o - 2. Suppose -5*u - 4 = 21. Let i = -1 - u. Let g be y(i). Calculate the greatest common divisor of 8 and g.
2
Suppose -4*s = -92 + 32. What is the highest common divisor of s and 165?
15
Let a(k) = 4*k + 9. Let c be a(3). What is the greatest common factor of c and 105?
21
Let g(h) = -15*h. Let a be g(-1). What is the greatest common divisor of 10 and a?
5
Let g(y) = -2*y - 6. Let x be g(-6). Suppose -n + x*n - 30 = 0. What is the highest common factor of 42 and n?
6
Let k be 0 + 112/(1/1). Let t be ((-18)/2 + 1/1)*-2. What is the greatest common factor of t and k?
16
Let g = 9 + -7. Let y be (0 - g) + (-1 - -1). Let f be y + 12/3 - -2. Calculate the greatest common factor of f and 20.
4
Suppose 88 = -3*x + 583. Calculate the greatest common divisor of x and 15.
15
Let m = 23 + -11. Let n(r) = 18*r**2. Suppose 0 = s - 3 + 2. Let l be n(s). Calculate the greatest common factor of m and l.
6
Let j(a) = 2*a + 2. Let f be j(4). Let z be 2/4 + (-118)/(-4). Let m = 140 - z. Calculate the greatest common divisor of m and f.
10
Suppose -5*i + 9*l = 12*l - 45, 0 = -3*i + 3*l + 51. Calculate the greatest common divisor of 96 and i.
12
Suppose 3 = h - 7. What is the highest common divisor of h and 40?
10
Let z(b) = b**2 + 10*b + 12. Let u be z(-12). Calculate the greatest common divisor of u and 24.
12
Suppose 5*r - 46 = 4*r + 2*n, 3*r + 2*n - 154 = 0. Calculate the greatest common divisor of r and 10.
10
Let j(m) = 7*m**2 - 2*m + 1. Let h be j(2). Let d be 4 + -1 - (9 - -7). Let b = d + 23. What is the greatest common factor of b and h?
5
Suppose 4*m + 976 = 7*m - 2*x, -x = m - 332. Suppose -4*i - 4*g = -0*i - m, 2*i = g + 173. What is the highest common divisor of 34 and i?
17
Let l = -29 - -20. Let d = 4 + l. Let o = d - -15. Calcula